*s + 1273. What is the hundreds digit of k(-10)?
6
Let w be (-19)/(380/(-1240)) + -15. Suppose 20 = 5*r + d, 4*r = 2*d + 17 + 13. Suppose 0 = -3*y + 4*n + w + 126, r*n + 230 = 4*y. What is the tens digit of y?
5
Let j(h) = -5*h + 76. Suppose -m = -d + 22 - 7, 0 = 5*d + 4*m - 66. What is the units digit of j(d)?
6
Suppose -149 - 191 = -5*h. Let d = -16 - h. Let v = d + 159. What is the units digit of v?
5
Suppose -5*n = h + 12596 - 53467, -5*h = n - 8155. What is the thousands digit of n?
8
Suppose -465518 = -22*r - 111895 + 393057. What is the ten thousands digit of r?
3
Suppose -4*s + 0*s - 12 = 2*l, -4*l + 5*s + 41 = 0. Suppose -4*f = -2*m - 0*m + 2, 4*m - l = -3*f. Suppose i - 4 - 185 = f. What is the tens digit of i?
8
Let u(f) = 153*f**2 - f + 5. Let y(h) = -459*h**2 + 3*h - 14. Let n(l) = 8*u(l) + 3*y(l). Let g be n(1). Let o = g + 216. What is the units digit of o?
2
What is the thousands digit of 5597410/189 + 3 - (-30)/405?
9
What is the hundreds digit of (6/4)/((-312)/(-43888))?
2
Let z be -3*8/(-6) - (-263 + 2). Let j = 391 - z. What is the hundreds digit of j?
1
Let x(q) = 33*q - 72. Let p be x(12). Let f = 677 - p. What is the tens digit of f?
5
Suppose -144*m + 136*m + 35344 = 0. What is the hundreds digit of m?
4
Let l(f) = 3*f**2 - f - 1585. What is the ten thousands digit of l(81)?
1
Suppose -3*y - 44*t + 866 = -39*t, -4*t = 3*y - 865. Let l = 785 - y. What is the hundreds digit of l?
4
Let p(u) = 15*u - 162. Let r be p(22). Let x = r - 2. What is the units digit of x?
6
Let w = -13 + 10. Let j be ((-2)/w)/((-3)/(-1809)). Suppose -j = -4*k - 18. What is the tens digit of k?
9
Suppose 67*c - 30594608 = -417*c. What is the thousands digit of c?
3
Let a = 747 + -300. Let m = 757 - a. Suppose -m = -4*u + r + 326, 0 = 4*r. What is the hundreds digit of u?
1
Suppose 5*p - 3*b - 227816 = 0, -834*p - 5*b = -835*p + 45550. What is the ten thousands digit of p?
4
Let v = 5212 - 4359. What is the units digit of v?
3
Suppose 2*m - 13732 = -3*p, 3*p + 22429 = 3*m + 1816. What is the hundreds digit of m?
8
Let t = 4254 + 12341. What is the hundreds digit of t?
5
Suppose 0 = -29*u + 41492 + 143760. What is the thousands digit of u?
6
Suppose 0 = 5*l - 2*l + 507. Let x = -73 - l. Let m = x - 34. What is the units digit of m?
2
Suppose -5*u - 10 = -0*u. Let h be u/6*-7 - 4/12. Suppose -4*k - 95 = -3*x - 634, 266 = 2*k + h*x. What is the tens digit of k?
3
Suppose -3*b + 12 = 0, 3*n - 5*b = -0*n - 20. Suppose n = 15*h - 20*h + 3210. Suppose 29*p - 32*p = -h. What is the tens digit of p?
1
Suppose 5*m - 888 = -l, -239*m + 237*m = -l - 365. What is the tens digit of m?
7
What is the hundreds digit of (1064/(-16))/19*(-2187 - -1)?
6
Let j(p) be the third derivative of p**6/120 + 7*p**5/30 - 2*p**4/3 - 5*p**3/2 - 13*p**2. Let q be j(-15). Suppose u - 3 - 2 = q. What is the units digit of u?
5
Suppose -8 = -2*l - f, f + 0*f - 2 = 0. Suppose 5*q - 8 = l*q. Suppose 5*u - 113 = -q*a, 3*a + 60 = 5*u - 74. What is the units digit of u?
5
Suppose 262101 = -141*h + 144*h + 5*q, 5*h - 11*q = 436661. What is the hundreds digit of h?
3
Let m(x) = 2*x**3 + 74*x**2 + 563*x - 17. What is the hundreds digit of m(-19)?
2
Let h = 7486 - 1708. What is the thousands digit of h?
5
Suppose 8*a - 5*o = 13*a - 35, 0 = -3*a + 3*o - 3. Suppose 3*p = 90*v - 87*v + 2589, 0 = -a*p - 2*v + 2599. What is the tens digit of p?
6
Let b(r) = -3*r**2 + 10*r - 1. Let h be b(5). Let y = 91 + h. What is the tens digit of y?
6
Let o = -150 - -134. What is the tens digit of o/64 + 13108/16?
1
Let y be (0/2)/((-4)/1 + 2). Let b be (-1 + 134)/((y + -7)/(-28)). What is the tens digit of ((-6)/(-9))/(b/(-267) + 2)?
8
What is the thousands digit of 20*(2/(-1) + (-1308)/(-8))?
3
Suppose 2*r = -w + 574 - 198, 0 = -5*r - w + 937. Suppose 140 = -2*g - 122. Let d = g + r. What is the units digit of d?
6
Let q(o) = -29*o - 1. Let y be q(-22). Let s = 1785 - y. Suppose s = 5*d + j, -2*d = 2*d - 2*j - 910. What is the tens digit of d?
2
What is the tens digit of (-2)/((-24)/34005)*4*3?
0
Let a be 1/2 + (-8)/16. Let i be (3 - 4)*(a - 260). What is the units digit of -4*i/(-16) + (0 - 1)?
4
Let f be 96/(-64) + 104697/6. Suppose 12*b = f - 4020. What is the units digit of b?
9
Let z = -95170 + 172321. What is the units digit of z?
1
What is the hundreds digit of ((-1)/5*3*-2)/((-22)/(-57695))?
1
Let z be ((-192)/120)/((-4)/10). Suppose -z - 6 = -5*k. What is the tens digit of 0 + k + (55 - 1)?
5
Suppose 5*a = -j + 35 - 5, -5 = -2*a + j. Suppose 3*r - 74 = a*c - 489, -2*c = -5*r - 166. What is the tens digit of c?
8
Suppose -3*m - 60559 = -5*c, -31*c + 30*c + 12130 = 2*m. What is the tens digit of c?
1
Let i be 0 + -3 - 19*-4. Let m = -61 + i. What is the tens digit of m?
1
Let p be ((-36)/42*6)/((-1)/7). Let x = -13 - p. Let q = x - -105. What is the units digit of q?
6
Let p(j) be the second derivative of 18*j + 1/6*j**3 - j**2 + 0 + 1/12*j**4. What is the hundreds digit of p(10)?
1
Suppose 10*v = 152873 - 40853. What is the hundreds digit of v?
2
Let o(x) = -x**3 - 3*x**2 - 6. Let y be o(-4). Let u be 1076/y - 40/(-100). Suppose -3*j + u = 6*j. What is the units digit of j?
2
Suppose 4*b - y = 694 + 1918, 4*y = 0. Let o = 793 - b. What is the tens digit of o?
4
Let k be (28 - 27)*0/1. Suppose k = 3*r + 3*b + 21, 3*r - 4 = 3*b - 37. Let j(s) = -s**3 - 8*s**2 + 5*s - 8. What is the tens digit of j(r)?
2
Suppose 144*l + 35562 = -145*l + 295*l. What is the tens digit of l?
2
Let j = 455 + -427. Suppose j*f - 39996 = -5220. What is the thousands digit of f?
1
Let b be (4/(-6))/(27/(-243)) + 62419. Suppose 22357 = -36*d + b. What is the hundreds digit of d?
1
Suppose 23695 = 3*b - 9020. What is the tens digit of b?
0
Let l = -1553 + 440. Let p = 1750 + l. What is the tens digit of p?
3
Let g(c) = 87*c**3 - 9*c**2 + 9*c - 155. What is the hundreds digit of g(7)?
3
Let w be 2/4 + 13316/8. Suppose 2*j + 2*z = 574 + 108, -5*j + 3*z = -w. What is the tens digit of j?
3
Suppose 0 = 162*k + 70*k - 2457112. What is the thousands digit of k?
0
Let r(o) be the third derivative of -o**6/120 - o**5/20 - 3*o**4/4 + 5*o**3/2 - 110*o**2. What is the tens digit of r(-6)?
3
What is the hundreds digit of 1*3221/(-2)*-4?
4
Let i = -124 + 130. What is the units digit of (-1 - (-9)/i)*60?
0
Let i be 56/12 + -4 - 122/(-6). Suppose -i*u + 3490 = -11*u. What is the tens digit of u?
4
Let k be 394/4 - (-4)/8. Let c be ((-4)/3)/((-44)/k). Let v(b) = b**3 + 3*b**2 + 5. What is the tens digit of v(c)?
5
Let v(i) = -i**3 + 34*i**2 + 4*i - 112. Let c be v(34). What is the hundreds digit of ((-1026)/8)/((-9)/c)?
3
Let d(i) = 22*i - 11. Let x(n) = -n**2 + 5*n + 4. Let j = 28 - 24. Let p be x(j). What is the hundreds digit of d(p)?
1
Suppose -2*i = -5*w - 1097, 5*w - 594 - 2096 = -5*i. What is the tens digit of i?
4
Suppose -14*v - 4239 = -5*v. What is the units digit of 4/(-2)*(-10 + v)?
2
What is the thousands digit of ((-1)/((-1)/(-14)*-2) - -19337) + 2?
9
Let a be (-5)/(2 - -3)*-11. Suppose 4*o = a*o - 644. Suppose j - 532 = -5*k, 0*k + 5*j = -k + o. What is the hundreds digit of k?
1
Let b(v) = -v**3 + 25*v**2 + 398*v + 145. What is the thousands digit of b(-25)?
1
Let q(r) = 88*r**2 + 16. Let g(m) = -29*m**2 - 5. Let h(n) = -16*g(n) - 5*q(n). Let l be h(-1). Suppose l*x = 19*x + 600. What is the tens digit of x?
2
Suppose -96*i + 436976 = -8*i + 160*i. What is the tens digit of i?
6
Let l(q) = -14*q + 112. Let v be l(8). Suppose v = 4*r - 4*y - 108, -5*y = 4*r - 7 - 92. What is the tens digit of r?
2
Let w(a) = -a**3 + 24*a**2 + 25*a. Let m be (2/(-2))/(16/(-400)). Let u be w(m). Suppose u = 10*c - 2*c - 848. What is the hundreds digit of c?
1
Suppose -606 = 15*n + 1794. What is the units digit of (2736/40)/(-9)*n/1?
6
Let k = -275 + 277. What is the units digit of 225 - -9 - (4/(-2) + k)?
4
Suppose 156*m - 907573 - 1246787 = 0. What is the tens digit of m?
1
Suppose 454*o - 115200 = 448*o. What is the ten thousands digit of o?
1
Suppose 2830*b - 75464 = 2826*b. What is the ten thousands digit of b?
1
Let l(j) = 466*j + 7091. What is the tens digit of l(-9)?
9
Let g be (2*(-5)/2)/(-3 - -2). Suppose d - 92 = 4*m, -4*m + g + 7 = 0. What is the tens digit of d?
0
Suppose -2*l + 37089 = -5*c, -6*l - 4*c - 37094 = -8*l. What is the u